 is the remainder when 115232 is divided by 27?
23
What is the remainder when 82792 is divided by 413?
192
What is the remainder when 15990 is divided by 186?
180
What is the remainder when 7573 is divided by 2483?
124
What is the remainder when 13091 is divided by 107?
37
Calculate the remainder when 30627 is divided by 135.
117
What is the remainder when 6092 is divided by 50?
42
What is the remainder when 5436 is divided by 674?
44
What is the remainder when 65108 is divided by 124?
8
Calculate the remainder when 315829 is divided by 44.
41
What is the remainder when 163816 is divided by 3561?
10
Calculate the remainder when 756 is divided by 300.
156
What is the remainder when 4708 is divided by 30?
28
Calculate the remainder when 41137 is divided by 192.
49
Calculate the remainder when 3684 is divided by 763.
632
What is the remainder when 5167 is divided by 33?
19
Calculate the remainder when 2042584 is divided by 305.
304
Calculate the remainder when 4002 is divided by 618.
294
Calculate the remainder when 8101 is divided by 8070.
31
Calculate the remainder when 14214 is divided by 4728.
30
Calculate the remainder when 170 is divided by 82.
6
Calculate the remainder when 35280 is divided by 46.
44
What is the remainder when 93996 is divided by 531?
9
Calculate the remainder when 6867 is divided by 2266.
69
Calculate the remainder when 11409 is divided by 2526.
1305
What is the remainder when 353 is divided by 317?
36
Calculate the remainder when 9559 is divided by 3184.
7
Calculate the remainder when 4340 is divided by 1391.
167
Calculate the remainder when 286016 is divided by 77.
38
What is the remainder when 39346 is divided by 7?
6
Calculate the remainder when 262708 is divided by 29.
26
Calculate the remainder when 2166 is divided by 177.
42
What is the remainder when 2026 is divided by 74?
28
Calculate the remainder when 20128 is divided by 68.
0
What is the remainder when 98329 is divided by 31?
28
What is the remainder when 14697 is divided by 4897?
6
What is the remainder when 34963 is divided by 538?
531
What is the remainder when 467 is divided by 110?
27
Calculate the remainder when 13477 is divided by 102.
13
What is the remainder when 7082 is divided by 28?
26
Calculate the remainder when 2825 is divided by 159.
122
Calculate the remainder when 4350 is divided by 2137.
76
What is the remainder when 41449 is divided by 1668?
1417
Calculate the remainder when 37242 is divided by 255.
12
What is the remainder when 337392 is divided by 724?
8
What is the remainder when 13733 is divided by 331?
162
Calculate the remainder when 112995 is divided by 3645.
0
Calculate the remainder when 20280 is divided by 350.
330
Calculate the remainder when 4521 is divided by 2149.
223
What is the remainder when 15193 is divided by 15106?
87
What is the remainder when 10557 is divided by 2047?
322
What is the remainder when 24304 is divided by 41?
32
Calculate the remainder when 2234 is divided by 170.
24
What is the remainder when 10711 is divided by 596?
579
Calculate the remainder when 48299 is divided by 97.
90
What is the remainder when 3816 is divided by 1556?
704
What is the remainder when 60387 is divided by 406?
299
Calculate the remainder when 115707 is divided by 14.
11
Calculate the remainder when 36304 is divided by 3025.
4
Calculate the remainder when 2207 is divided by 93.
68
What is the remainder when 83697 is divided by 1210?
207
What is the remainder when 68557 is divided by 633?
193
What is the remainder when 1684597 is divided by 291?
289
Calculate the remainder when 154761 is divided by 65.
61
Calculate the remainder when 1303 is divided by 436.
431
Calculate the remainder when 161956 is divided by 20.
16
Calculate the remainder when 7249 is divided by 22.
11
Calculate the remainder when 50916 is divided by 592.
4
Calculate the remainder when 281100 is divided by 2323.
17
Calculate the remainder when 88689 is divided by 98.
97
What is the remainder when 14741 is divided by 831?
614
What is the remainder when 506095 is divided by 253040?
15
What is the remainder when 3433 is divided by 1712?
9
What is the remainder when 142461 is divided by 7?
4
What is the remainder when 12764 is divided by 114?
110
Calculate the remainder when 22895 is divided by 73.
46
Calculate the remainder when 52202 is divided by 17387.
41
Calculate the remainder when 193305 is divided by 273.
21
Calculate the remainder when 82606 is divided by 405.
391
Calculate the remainder when 61942 is divided by 232.
230
What is the remainder when 4291 is divided by 1912?
467
Calculate the remainder when 7446185 is divided by 11.
10
Calculate the remainder when 14454 is divided by 2405.
24
What is the remainder when 27495 is divided by 13?
0
What is the remainder when 78004 is divided by 394?
386
Calculate the remainder when 76517 is divided by 29.
15
Calculate the remainder when 316459 is divided by 78.
13
What is the remainder when 24463 is divided by 764?
15
What is the remainder when 953990 is divided by 476995?
0
Calculate the remainder when 40072 is divided by 6671.
46
Calculate the remainder when 2428 is divided by 319.
195
What is the remainder when 528406 is divided by 82?
80
What is the remainder when 24323 is divided by 64?
3
What is the remainder when 175447 is divided by 145?
142
Calculate the remainder when 2276 is divided by 126.
8
What is the remainder when 9368 is divided by 184?
168
What is the remainder when 8262 is divided by 29?
26
What is the remainder when 62396 is divided by 4?
0
Calculate the remainder when 150511 is divided by 26.
23
What is the remainder when 1561 is divided by 1440?
121
What is the remainder when 4413 is divided by 711?
147
What is the remainder when 621107 is divided by 142?
141
What is the remainder when 30516 is divided by 1277?
1145
Calculate the remainder when 22677 is divided by 1028.
61
What is the remainder when 151551 is divided by 256?
255
Calculate the remainder when 576816 is divided by 2800.
16
What is the remainder when 32991 is divided by 799?
232
What is the remainder when 37351 is divided by 241?
237
Calculate the remainder when 51322 is divided by 82.
72
What is the remainder when 1665 is divided by 276?
9
What is the remainder when 7391 is divided by 257?
195
What is the remainder when 402 is divided by 368?
34
What is the remainder when 11729 is divided by 1670?
39
Calculate the remainder when 16672 is divided by 878.
868
Calculate the remainder when 2478617 is divided by 13.
11
Calculate the remainder when 2855 is divided by 23.
3
Calculate the remainder when 3504 is divided by 897.
813
Calculate the remainder when 49465 is divided by 291.
286
Calculate the remainder when 115087 is divided by 5478.
49
Calculate the remainder when 7861 is divided by 492.
481
Calculate the remainder when 1138707 is divided by 26.
11
Calculate the remainder when 12723 is divided by 1243.
293
Calculate the remainder when 11950 is divided by 56.
22
Calculate the remainder when 169064 is divided by 39.
38
What is the remainder when 3264 is divided by 1653?
1611
Calculate the remainder when 3867 is divided by 1653.
561
What is the remainder when 8673 is divided by 24?
9
Calculate the remainder when 38470 is divided by 21.
19
Calculate the remainder when 11524592 is divided by 2095.
2092
What is the remainder when 5877 is divided by 147?
144
What is the remainder when 19689 is divided by 23?
1
Calculate the remainder when 38610 is divided by 1930.
10
What is the remainder when 3619 is divided by 1802?
15
What is the remainder when 46635 is divided by 11652?
27
Calculate the remainder when 134723 is divided by 8420.
3
Calculate the remainder when 3136 is divided by 183.
25
What is the remainder when 33417 is divided by 235?
47
Calculate the remainder when 477579 is divided by 119385.
39
What is the remainder when 1644 is divided by 17?
12
What is the remainder when 4880 is divided by 56?
8
Calculate the remainder when 9601 is divided by 109.
9
Calculate the remainder when 1320 is divided by 168.
144
Calculate the remainder when 4924534 is divided by 24.
22
What is the remainder when 752 is divided by 745?
7
What is the remainder when 14618 is divided by 14542?
76
Calculate the remainder when 92631 is divided by 419.
3